 c(q) = 23*q**3 - 570*q**2 + 343*q - 11695. Give c(25).
5
Let a(d) = 159*d**2 + 251*d + 12. Calculate a(-6).
4230
Let v(b) = 2*b**2 + 8*b - 712. Calculate v(25).
738
Let r(z) = -2*z**3 + 111*z**2 + 13693*z - 913. Determine r(115).
7
Let k(a) = -a**3 + 9*a**2 - 8*a - 4. What is k(13)?
-784
Let p(c) = 21*c**2 + 424*c + 94. Determine p(-20).
14
Let d(i) = i**3 + 117*i**2 + 21*i + 720. Determine d(-117).
-1737
Let t(r) = -2*r**2 - 210*r - 1708. Give t(-111).
-3040
Let c(k) = -103*k**2 - 46*k - 85. What is c(-2)?
-405
Let w(r) = r**3 - 6*r**2 + r - 18. Determine w(7).
38
Let g(h) = -h**2 - 148263*h - 593071. What is g(-4)?
-35
Let h(v) = 20*v**2 - 30*v - 75. What is h(8)?
965
Let f(x) = x**3 + 420*x**2 - 1270*x - 501. Give f(-423).
-78
Let x(q) = q**2 - 384*q + 9513. Give x(26).
205
Let f(u) = -2*u**3 - 13*u**2 + 70*u + 60. What is f(4)?
4
Let x(k) = -k**2 + 5271*k - 3458284. What is x(768)?
20
Let q(o) = -26947*o - 592850. Calculate q(-22).
-16
Let u(r) = 253*r - 1604. Give u(3).
-845
Let n(f) = f**3 - 107*f**2 + 1064*f - 355. Give n(96).
413
Let y(l) = 2*l**2 - 55*l + 615. Determine y(0).
615
Let m(a) = -2*a**3 - 179*a**2 + 98*a + 1445. Calculate m(-90).
725
Let q(t) = -2*t**3 + 54*t**2 - 96*t + 296. Give q(26).
-848
Let z(t) = 549*t**2 + 9668*t + 5702. Determine z(-17).
7
Let d(b) = b**2 - 928*b + 33508. Determine d(38).
-312
Let h(f) = 1017*f - 91456. Determine h(90).
74
Let v(b) = 7*b**3 - b**2 - 39*b + 122. What is v(3)?
185
Let i(r) = -r**3 + 37*r**2 + 74*r + 319. Give i(38).
1687
Let f(y) = 123036*y - 123054. Determine f(1).
-18
Let u(a) = -702*a - 97428. What is u(-139)?
150
Let t(x) = 21094*x + 3923336. Give t(-186).
-148
Let h(g) = 17*g**2 - 509*g + 773. Determine h(29).
309
Let n(v) = -1996*v - 331. What is n(-2)?
3661
Let c(r) = r**3 + 1526*r**2 + 25669*r + 155. Calculate c(-17).
-117
Let t(o) = o**3 + 490*o**2 + 1838*o - 51519. What is t(-486)?
-3
Let a(z) = -z**2 + 3467*z + 45171. What is a(-13)?
-69
Let w(k) = 6*k**2 + 42*k - 206. Calculate w(4).
58
Let u(y) = -440*y - 39064. Calculate u(-87).
-784
Let a(j) = 18*j**2 + 3*j - 136. Determine a(-7).
725
Let i(n) = -3*n**2 + 7726*n - 15441. Determine i(2).
-1
Let a(z) = 4*z**3 - 104*z**2 - 2240*z - 6. Calculate a(-14).
-6
Let f(h) = 16*h**2 + 1326*h + 15308. Determine f(-69).
-10
Let o(r) = 3*r**2 + 2835*r - 69751. Determine o(24).
17
Let y(g) = 5427*g - 667241. Determine y(123).
280
Let z(t) = -2*t**3 - 131*t**2 + 54*t - 211. Determine z(-66).
581
Let k(y) = 2*y**3 + 28*y**2 - 32*y - 30. Determine k(-15).
0
Let t(k) = 4*k**2 - 2978*k - 17917. Calculate t(-6).
95
Let w(n) = 74085*n + 1704110. Calculate w(-23).
155
Let p(h) = 12356*h - 72661. Calculate p(6).
1475
Let k(i) = 6463*i - 148650. Calculate k(23).
-1
Let b(p) = -3*p**2 - 118*p + 948. Give b(-47).
-133
Let d(t) = t**3 + 8*t**2 + 70*t + 697. Calculate d(-9).
-14
Let t(x) = 4*x**2 + 2821*x - 11314. Calculate t(4).
34
Let y(d) = 4238*d + 67809. What is y(-16)?
1
Let d(y) = 40*y**2 - 844*y - 75. Calculate d(21).
-159
Let a(v) = 2*v**3 - 187*v**2 + 800*v + 134. What is a(89)?
45
Let s(v) = v**2 + 54*v - 37443. Give s(166).
-923
Let x(m) = 5338*m - 170789. What is x(32)?
27
Let m(s) = s**3 + 106*s**2 + 283*s - 2857. Give m(-103).
-179
Let q(o) = 4*o**2 + 441*o - 4078. What is q(-119)?
87
Let w(p) = -7858*p + 55636. Determine w(7).
630
Let l(r) = -344*r - 78417. Give l(-228).
15
Let f(h) = 3*h**3 + 106*h**2 - 81*h + 70. Calculate f(-36).
394
Let l(t) = -25*t**2 + 525*t + 1070. Give l(-2).
-80
Let h(u) = -4*u**3 + 129*u**2 - 263*u - 221. Calculate h(30).
-11
Let a(d) = -3709*d - 29930. What is a(-8)?
-258
Let c(n) = -2*n**2 + 807*n - 20302. Determine c(27).
29
Let h(k) = -258*k**3 + 60*k**2 - 95*k - 48. Calculate h(2).
-2062
Let h(t) = -2*t**2 - 742*t + 12992. What is h(17)?
-200
Let h(m) = m**3 + 87*m**2 - 585*m - 19888. Determine h(-91).
223
Let p(m) = -34957*m - 34986. Determine p(-1).
-29
Let f(g) = -1727*g - 319482. Give f(-185).
13
Let v(u) = 2*u**2 - 182*u + 4870. Give v(35).
950
Let p(b) = -20*b**2 - 537*b + 662. Calculate p(-29).
-585
Let f(n) = -10*n**3 + 1784*n**2 - 713*n + 211. Calculate f(178).
33
Let d(b) = 72*b**2 + 227*b - 42. Give d(-4).
202
Let m(p) = -2*p**3 - 14*p**2 - 4417*p - 21995. Determine m(-5).
-10
Let g(t) = 8*t**3 - 18*t**2 + 28*t - 103. Give g(7).
1955
Let n(k) = 4*k**2 + 6441*k - 583532. What is n(86)?
-22
Let m(b) = b**2 + 54*b - 441. What is m(6)?
-81
Let x(u) = 1126*u + 3187. Calculate x(-1).
2061
Let n(j) = -92398*j + 184659. What is n(2)?
-137
Let v(p) = 3*p**2 + 113*p - 153. Determine v(-39).
3
Let y(z) = -5*z**2 + 581*z - 3540. Determine y(6).
-234
Let x(p) = 106*p - 6612. Calculate x(65).
278
Let x(b) = -18282*b - 6471814. Calculate x(-354).
14
Let s(l) = 4469*l**2 + 75971*l + 6. Give s(-17).
40
Let t(s) = 1976*s + 1866. Determine t(-1).
-110
Let n(j) = 5554*j + 37174. Determine n(-7).
-1704
Let d(u) = -802*u + 3119. Determine d(4).
-89
Let y(c) = -4*c**3 + 353*c**2 - 111*c + 2082. Calculate y(88).
58
Let g(d) = 31945*d + 223928. Calculate g(-7).
313
Let m(a) = 3144*a**2 + 163499*a + 583. What is m(-52)?
11
Let g(t) = -t**3 + 222*t**2 + 1378*t - 2419. Give g(228).
-139
Let f(o) = 1366*o + 47851. Determine f(-35).
41
Let h(s) = 27539*s + 247859. Determine h(-9).
8
Let g(q) = -2*q**2 + 17577*q + 334735. Give g(-19).
50
Let a(q) = -6*q**2 - 133*q - 20. Calculate a(-23).
-135
Let f(b) = -130*b**3 + 285*b**2 + 291*b + 5. Determine f(-1).
129
Let a(w) = 2428*w + 254944. Determine a(-105).
4
Let b(v) = 308*v**2 + 528*v - 1060. Give b(2).
1228
Let w(t) = -t**3 + 37*t**2 + 71*t + 316. Calculate w(39).
43
Let b(q) = 2*q**3 - 18*q**2 - 343*q + 2589. What is b(7)?
-8
Let a(f) = -13*f**2 - 24*f + 84. Determine a(12).
-2076
Let a(j) = 1987*j - 65562. Calculate a(33).
9
Let l(f) = -f**3 + 139*f**2 - 316*f + 43884. What is l(139)?
-40
Let h(t) = 2794*t + 2615081. What is h(-936)?
-103
Let s(r) = -r**3 + 7*r**2 + 508*r - 355. Give s(26).
9
Let x(l) = -2*l**3 - 149*l**2 - 1236*l - 71. Give x(-65).
-6
Let m(b) = 1399*b + 430684. What is m(-308)?
-208
Let p(y) = -209*y + 15849. What is p(59)?
3518
Let v(w) = 12*w**2 + 561*w - 58. Determine v(-47).
83
Let v(d) = 11*d**3 + 2112*d**2 - 169*d - 32436. What is v(-192)?
12
Let p(v) = 3*v**3 - 122*v**2 + 78*v + 33. Give p(40).
-47
Let d(v) = -23*v**2 + 71*v + 1354. Give d(-8).
-686
Let z(o) = 5*o**2 + 2062*o + 16161. What is z(-8)?
-15
Let q(v) = -12653*v + 3530179. Determine q(279).
-8
Let g(o) = 8571032*o - 42855158. Determine g(5).
2
Let c(f) = -f**3 + 35*f**2 - 5175*f + 150737. Give c(30).
-13
Let k(m) = 29350*m - 1173991. What is k(40)?
9
Let h(f) = -9*f**3 - 72*f**2 - 21*f - 170. Determine h(-8).
-2
Let r(y) = -153*y**2 - 680*y - 3400. Give r(-5).
-3825
Let x(m) = 367*m + 51804. What is x(-140)?
424
Let o(j) = j**3 + 20*j**2 - 1264*j - 27496. Determine o(-23).
-11
Let n(t) = 419*t - 13311. What is n(32)?
97
Let r(d) = 195*d + 821. Calculate r(-4).
41
Let n(r) = -893*r - 25523. Calculate n(-29).
374
Let d(m) = 37*m**2 + 3014*m + 58206. Determine d(-50).
6
Let l(z) = 2*z**3 - 1323*z**2 + 16860*z - 19. Calculate l(13).
-32
Let s(d) = 60*d**2 - 165*d + 9. What is s(-2)?
579
Let v(h) = -3325*h - 262626. Calculate v(-79).
49
Let h(l) = -442*l**2 - 26964*l - 105. What is h(-61)?
17
Let y(a) = -97*a**2 - 8924*a + 41. What is y(-92)?
41
Let n(l) = 7*l**2 - 91*l - 64. What is n(0)?
-64
Let o(p) = 10387*p + 228511. What is o(-22)?
-3
Let j(o) = -2*o**2 + 2630*o + 1787295. Determine j(-494).
3
Let h(v) = -76*v - 9091. Determine h(-116).
-275
Let b(t) = 101*t**2 + 160*t + 46. Calculate b(-1).
-13
Let b(f) = 934380*f + 5606278. Give b(-6).
-2
Let q(m) = 350*m - 612. Give q(6).
1488
Let f(j) = -7129*j + 35461. Give f(5).
-184
Let o(r) = -r**3 - 58*r**2 - 720*r + 351. Calculate o(-19).
-48
Let r(u) = 2*u**2 + 3347*u - 377206. What is r(106)?
48
Let a(j) = 384482*j - 2306885. What is a(6)?
7
Let q(c) = -c**3 - 6*c**2 + 123*c + 30. Determine q(-15).
210
Let p(v) = 88535*v - 1062441. Calculate p(12).
-21
Let m(l) = 1371*l + 366063. Determine m(-267).
6
Let d(r) = -833*r - 4718. Calculate d(-6).
280
Let z(r) = 21*r**2 + 1014*r - 9177. What is z(9)?
1650
Let q(y) = -273548*y + 2735476. Give q(10).
-4
Let u(y) = y**2 + 30*y - 1033. Determine u(27).
506
Let n(t) = t**3 + 54*t**2 + 16*t 